digit of 1924493?
9
What is the hundreds digit of 167267?
2
What is the hundred thousands digit of 3784554?
7
What is the thousands digit of 4421809?
1
What is the hundred thousands digit of 711492?
7
What is the units digit of 442785?
5
What is the units digit of 1143449?
9
What is the tens digit of 463174?
7
What is the hundred thousands digit of 900667?
9
What is the hundreds digit of 341239?
2
What is the millions digit of 1001856?
1
What is the hundreds digit of 380826?
8
What is the tens digit of 205143?
4
What is the units digit of 185843?
3
What is the millions digit of 5856139?
5
What is the tens digit of 14674964?
6
What is the thousands digit of 1927972?
7
What is the hundred thousands digit of 9156049?
1
What is the ten thousands digit of 138697?
3
What is the hundreds digit of 103781?
7
What is the thousands digit of 231531?
1
What is the millions digit of 3012762?
3
What is the ten thousands digit of 1278227?
7
What is the hundred thousands digit of 335306?
3
What is the ten millions digit of 43956051?
4
What is the hundreds digit of 2092835?
8
What is the units digit of 599391?
1
What is the hundreds digit of 208360?
3
What is the units digit of 52233?
3
What is the units digit of 8857366?
6
What is the tens digit of 121093?
9
What is the millions digit of 1015629?
1
What is the ten thousands digit of 560010?
6
What is the hundred thousands digit of 817892?
8
What is the thousands digit of 34335622?
5
What is the ten thousands digit of 2143760?
4
What is the thousands digit of 1379042?
9
What is the hundreds digit of 3188664?
6
What is the tens digit of 111160?
6
What is the tens digit of 1069057?
5
What is the units digit of 577337?
7
What is the ten thousands digit of 1751206?
5
What is the millions digit of 10486487?
0
What is the hundred thousands digit of 283393?
2
What is the hundreds digit of 529741?
7
What is the units digit of 13124498?
8
What is the hundreds digit of 172185?
1
What is the thousands digit of 782058?
2
What is the hundreds digit of 6522468?
4
What is the ten thousands digit of 4781398?
8
What is the units digit of 318185?
5
What is the thousands digit of 479397?
9
What is the millions digit of 6524747?
6
What is the ten thousands digit of 10399707?
9
What is the hundred thousands digit of 472381?
4
What is the units digit of 58534?
4
What is the hundreds digit of 1473791?
7
What is the tens digit of 2013342?
4
What is the hundreds digit of 37203945?
9
What is the ten thousands digit of 347077?
4
What is the hundreds digit of 11526?
5
What is the thousands digit of 720196?
0
What is the tens digit of 463324?
2
What is the units digit of 43143?
3
What is the units digit of 2070343?
3
What is the thousands digit of 18648154?
8
What is the hundreds digit of 192496?
4
What is the units digit of 3771387?
7
What is the hundreds digit of 419343?
3
What is the hundred thousands digit of 617056?
6
What is the tens digit of 5199774?
7
What is the millions digit of 1220117?
1
What is the thousands digit of 1084141?
4
What is the thousands digit of 2374806?
4
What is the ten millions digit of 18090502?
1
What is the units digit of 20133706?
6
What is the tens digit of 280622?
2
What is the hundred thousands digit of 1763255?
7
What is the hundreds digit of 324867?
8
What is the ten thousands digit of 5781612?
8
What is the hundreds digit of 2783820?
8
What is the millions digit of 32486072?
2
What is the hundreds digit of 16567768?
7
What is the ten thousands digit of 246480?
4
What is the ten thousands digit of 871214?
7
What is the hundred thousands digit of 203703?
2
What is the units digit of 24617764?
4
What is the thousands digit of 322544?
2
What is the tens digit of 7151762?
6
What is the tens digit of 590944?
4
What is the hundred thousands digit of 37731626?
7
What is the tens digit of 164032?
3
What is the units digit of 2854743?
3
What is the hundreds digit of 1356600?
6
What is the hundred thousands digit of 1172172?
1
What is the thousands digit of 1894472?
4
What is the ten thousands digit of 136010?
3
What is the millions digit of 3392969?
3
What is the ten thousands digit of 1413206?
1
What is the units digit of 28077476?
6
What is the units digit of 400632?
2
What is the thousands digit of 288379?
8
What is the units digit of 3380024?
4
What is the hundreds digit of 409562?
5
What is the hundreds digit of 897596?
5
What is the ten thousands digit of 995115?
9
What is the units digit of 11994?
4
What is the units digit of 13522178?
8
What is the hundred thousands digit of 11015030?
0
What is the ten thousands digit of 241410?
4
What is the ten thousands digit of 313755?
1
What is the units digit of 12168896?
6
What is the tens digit of 411410?
1
What is the units digit of 26274210?
0
What is the hundreds digit of 13199142?
1
What is the hundred thousands digit of 2543468?
5
What is the hundreds digit of 27111628?
6
What is the ten thousands digit of 1153469?
5
What is the ten thousands digit of 6479049?
7
What is the ten thousands digit of 775790?
7
What is the tens digit of 620224?
2
What is the tens digit of 494167?
6
What is the hundred thousands digit of 1181720?
1
What is the millions digit of 6288618?
6
What is the ten thousands digit of 212998?
1
What is the thousands digit of 1930637?
0
What is the hundred thousands digit of 7414520?
4
What is the ten thousands digit of 429017?
2
What is the thousands digit of 144980?
4
What is the units digit of 8920083?
3
What is the thousands digit of 368787?
8
What is the tens digit of 2722617?
1
What is the units digit of 6246677?
7
What is the tens digit of 5415945?
4
What is the hundreds digit of 14849370?
3
What is the ten millions digit of 10203240?
1
What is the units digit of 515883?
3
What is the hundreds digit of 647270?
2
What is the millions digit of 27421031?
7
What is the hundreds digit of 175307?
3
What is the ten thousands digit of 2262753?
6
What is the millions digit of 3608225?
3
What is the units digit of 35554?
4
What is the ten thousands digit of 540041?
4
What is the hundreds digit of 1265345?
3
What is the hundreds digit of 1013731?
7
What is the hundred thousands digit of 22444258?
4
What is the tens digit of 34708150?
5
What is the units digit of 333857?
7
What is the hundreds digit of 593429?
4
What is the thousands digit of 204052?
4
What is the hundred thousands digit of 20343577?
3
What is the hundred thousands digit of 120931?
1
What is the hundred thousands digit of 360715?
3
What is the tens digit of 130401?
0
What is the hundred thousands digit of 158206?
1
What is the ten thousands digit of 1628064?
2
What is the units digit of 3532492?
2
What is the millions digit of 11764288?
1
What is the hundreds digit of 1173998?
9
What is the ten thousands digit of 2722328?
2
What is the ten thousands digit of 702821?
0
What is the units digit of 391874?
4
What is the hundred thousands digit of 133472?
1
What is the ten thousands digit of 3428982?
2
What is the ten thousands digit of 24633?
2
What is the ten thousands digit of 387667?
8
What is the ten thousands digit of 13567524?
6
What is the hundreds digit of 13076590?
5
What is the hundreds digit of 1229619?
6
What is the units digit of 19392489?
9
What is the tens digit of 3094136?
3
What is the millions digit of 1255852?
1
What is the thousands digit of 642024?
2
What is the hundred thousands digit of 151927?
1
What is the units digit of 75194?
4
What is the ten thousands digit of 54063?
5
What is the thousands digit of 58115?
8
What is the millions digit of 1497543?
1
What is the tens digit of 133205?
0
What is the hundred thousands digit of 295961?
2
What is the ten millions digit of 16707948?
1
What is the units digit of 1838467?
7
What is the units digit of 8057417?
7
What is the tens digit of 153382?
8
What is the tens digit of 255190?
9
What is the thousands digit of 71977?
1
What is the units digit of 52104?
4
What is the units digit of 8409909?
9
What is the hundred thousands digit of 194876?
1
What is the ten millions digit of 37333330?
3
What is the hundred thousands digit of 200838?
2
What is the thousands digit of 2450417?
0
What is the tens digit of 1046866?
6
What is the millions digit of 13210327?
3
What is the millions digit of 18595979?
8
What is the ten 